e 15) to base 2
10
What is 2 (base 7) in base 3?
2
Convert 19 (base 14) to base 10.
23
What is 11 (base 4) in base 14?
5
2 (base 11) to base 12
2
Convert -137 (base 10) to base 8.
-211
What is -1000 (base 3) in base 16?
-1b
Convert -2 (base 8) to base 7.
-2
What is 3 (base 14) in base 6?
3
Convert -26 (base 9) to base 8.
-30
Convert 6 (base 8) to base 4.
12
What is 7 (base 13) in base 9?
7
What is -5 (base 12) in base 3?
-12
What is 6 (base 8) in base 4?
12
What is 0 (base 16) in base 7?
0
What is 160 (base 7) in base 3?
10101
-24 (base 7) to base 14
-14
What is 33 (base 7) in base 9?
26
What is 133 (base 5) in base 10?
43
Convert 15 (base 16) to base 15.
16
-23 (base 5) to base 8
-15
What is 8 (base 13) in base 5?
13
3 (base 13) to base 6
3
What is -53 (base 11) in base 16?
-3a
Convert 1301 (base 4) to base 9.
135
Convert 24 (base 14) to base 3.
1012
12010 (base 3) to base 11
116
What is 1 (base 3) in base 9?
1
-2102 (base 3) to base 7
-122
What is -278 (base 10) in base 4?
-10112
Convert -3 (base 15) to base 3.
-10
Convert 2010 (base 4) to base 3.
11220
Convert -2 (base 14) to base 12.
-2
What is 7 (base 16) in base 7?
10
-4 (base 13) to base 9
-4
Convert 202 (base 5) to base 3.
1221
-2 (base 12) to base 14
-2
What is -148 (base 16) in base 6?
-1304
Convert 213 (base 4) to base 13.
30
130 (base 5) to base 9
44
What is 2 (base 15) in base 7?
2
What is -1121 (base 3) in base 9?
-47
What is 1110 (base 2) in base 15?
e
Convert 45 (base 14) to base 15.
41
What is 8 (base 15) in base 7?
11
What is -1 (base 11) in base 9?
-1
What is 7 (base 14) in base 12?
7
-3 (base 9) to base 4
-3
10 (base 7) to base 3
21
2 (base 11) to base 5
2
What is -101010010 (base 2) in base 7?
-662
101 (base 2) to base 3
12
1 (base 10) to base 14
1
33 (base 9) to base 2
11110
What is -11 (base 9) in base 11?
-a
What is -211 (base 3) in base 4?
-112
What is -4 (base 8) in base 12?
-4
Convert 4 (base 7) to base 15.
4
0 (base 7) to base 5
0
What is -32 (base 15) in base 7?
-65
What is 6 (base 11) in base 7?
6
Convert 6 (base 13) to base 9.
6
Convert 10000010 (base 2) to base 9.
154
What is 3 (base 5) in base 7?
3
Convert -1302 (base 5) to base 2.
-11001010
Convert 2b (base 16) to base 6.
111
What is 3 (base 10) in base 9?
3
4 (base 8) to base 10
4
11 (base 11) to base 8
14
110 (base 5) to base 3
1010
-37 (base 9) to base 8
-42
Convert -1 (base 16) to base 7.
-1
Convert 26 (base 10) to base 11.
24
-10 (base 2) to base 8
-2
What is -1000110 (base 2) in base 3?
-2121
-3 (base 9) to base 13
-3
40 (base 7) to base 6
44
Convert -223 (base 7) to base 15.
-7a
-83 (base 14) to base 5
-430
541 (base 7) to base 9
334
Convert -27 (base 13) to base 6.
-53
What is -2 (base 3) in base 15?
-2
What is -13 (base 5) in base 13?
-8
-5 (base 7) to base 2
-101
Convert -1 (base 3) to base 11.
-1
Convert 39 (base 11) to base 8.
52
-14 (base 13) to base 3
-122
What is -10102 (base 3) in base 11?
-84
1 (base 11) to base 5
1
Convert -11 (base 7) to base 14.
-8
-2 (base 10) to base 4
-2
Convert -23 (base 4) to base 12.
-b
What is 1221 (base 3) in base 15?
37
What is -2 (base 14) in base 7?
-2
-201 (base 3) to base 11
-18
Convert -194 (base 11) to base 8.
-340
Convert 20 (base 13) to base 12.
22
Convert 45 (base 12) to base 10.
53
Convert -32 (base 11) to base 10.
-35
Convert 0 (base 13) to base 16.
0
What is 18 (base 12) in base 7?
26
12 (base 12) to base 16
e
-1 (base 8) to base 16
-1
16 (base 12) to base 14
14
Convert 8 (base 11) to base 7.
11
What is -35 (base 16) in base 4?
-311
2 (base 15) to base 12
2
Convert 310 (base 4) to base 10.
52
-2 (base 6) to base 13
-2
2 (base 16) to base 11
2
1200 (base 5) to base 10
175
Convert 7 (base 12) to base 10.
7
Convert -a (base 13) to base 6.
-14
What is 11 (base 2) in base 11?
3
-401 (base 10) to base 14
-209
Convert -15 (base 10) to base 11.
-14
8 (base 10) to base 8
10
Convert 39 (base 13) to base 9.
53
9 (base 15) to base 9
10
362 (base 7) to base 5
1231
What is 16 (base 8) in base 5?
24
What is 3 (base 16) in base 3?
10
What is -111 (base 3) in base 11?
-12
Convert 27 (base 15) to base 7.
52
-5 (base 6) to base 9
-5
Convert 1 (base 6) to base 8.
1
0 (base 3) to base 8
0
Convert 1 (base 2) to base 3.
1
What is 6 (base 10) in base 6?
10
What is dd (base 15) in base 11?
17a
Convert -10100000 (base 2) to base 15.
-aa
Convert -3 (base 15) to base 12.
-3
Convert -111 (base 10) to base 8.
-157
What is 2 (base 6) in base 13?
2
What is -4 (base 13) in base 5?
-4
What is -12 (base 3) in base 13?
-5
What is 10100100 (base 2) in base 5?
1124
What is -3 (base 4) in base 7?
-3
Convert -32 (base 10) to base 8.
-40
What is -3 (base 14) in base 9?
-3
78 (base 16) to base 6
320
1 (base 9) to base 8
1
Convert 2 (base 9) to base 8.
2
Convert -90 (base 12) to base 14.
-7a
Convert 3 (base 7) to base 15.
3
Convert -2 (base 10) to base 5.
-2
What is 3 (base 4) in base 12?
3
-15 (base 9) to base 4
-32
-111110 (base 2) to base 5
-222
-10 (base 15) to base 8
-17
-20 (base 7) to base 14
-10
What is -7 (base 14) in base 2?
-111
What is 130 (base 8) in base 3?
10021
Convert 145 (base 8) to base 13.
7a
0 (base 12) to base 10
0
Convert -21 (base 3) to base 10.
-7
Convert 7 (base 10) to base 13.
7
Convert -a6 (base 13) to base 8.
-210
Convert 154 (base 8) to base 15.
73
-111 (base 11) to base 14
-97
Convert 25 (base 10) to base 15.
1a
12 (base 16) to base 14
14
Convert 2 (base 7) to base 13.
2
46 (base 10) to base 8
56
Convert 176 (base 9) to base 10.
150
Convert -3 (base 13) to base 2.
-11
What is -21 (base 12) in base 9?
-27
Convert -313 (base 4) to base 7.
-106
Convert 3 (base 12) to base 4.
3
22 (base 7) to base 10
16
1011 (base 2) to base 3
102
What is -46 (base 14) in base 13?
-4a
What is 7 (base 14) in base 6?
11
What is -11 (base 16) in base 11?
-16
What is -2 (base 5) in base 9?
-2
Convert -10110010 (base 2) to base 10.
-178
What is -4b (base 15) in base 12?
-5b
Convert -52 (base 13) to base 4.
-1003
-4 (base 10) to base 4
-10
Convert -11010 (base 2) to base 4.
-122
Convert 10000 (base 2) to base 12.
14
Convert 4 (base 13) to base 9.
4
Convert 0 (base 13) to base 2.
0
What is 2301 (base 5) in base 13?
1c1
Convert 4 (base 12) to base 13.
4
What is c (base 15) in base 14?
c
Convert -48 (base 16) to base 13.
-57
Convert 77 (base 8) to base 6.
143
Convert 2 (base 16) to base 15.
2
What is -14a (base 11) in base 14?
-c7
What is -2 (base 5) in base 16?
-2
What is -22 (base 8) in base 6?
-30
1 (base 13) to base 9
1
What is -22 (base 14) in base 8?
-36
Convert 2 (base 4) to base 10.
2
What is 0 (base 10) in base 9?
0
What is -163 (base 9) in base 16?
-8a
Convert 3 (base 12) to base 4.
3
Convert -7 (base 11) to base 13.
-7
What is 25 (base 6) in base 5?
32
What is 4 (base 6) in base 13?
4
What is 1 (base 8) in base 3?
1
75 (base 9) to base 4
1010
What is 104 (base 8) in base 16?
44
Convert -15 (base 8) to base 16.
-d
-12101 (base 3) to base 11
-122
Convert -31 (base 14) to base 10.
-43
Convert 5 (base 6) to base 9.
5
Convert 72 (base 13) to base 6.
233
Convert 7 (base 8) to base 16.
7
Convert -2 (base 9) to base 2.
-10
Convert -100111000 (base 2) to base 13.
-1b0
What is -100 (base 3) in base 9?
-10
What is 0 (base 9) in base 15?
0
1 (base 9) to base 4
1
What is -3 (base 15) in base 8?
-3
Convert -a (base 15) to base 3.
-101
What is -56 (base 12) in base 7?
-123
What is -5 (base 16) in base 12?
-5
-200 (base 3) to base 15
-13
What is 3e (base 16) in base 8?
76
Convert 10 (base 2) to base 10.
2
Convert -2 (base 11) to base 7.
-2
What is -11 (base 9) in base 14?
-a
Convert 1 (base 11) to base 15.
1
12 (base 7) to base 12
9
Convert -1 (base 15) to base 7.
-1
8 (base 13) to base 10
8
10000 (base 2) to base 10
16
21 (base 4) to base 16
9
Convert 2 (base 14) to base 2.
10
Convert 1 (base 6) to base 16.
1
What is 0 (base 9) in base 10?
0
What is -6 (base 16) in base 12?
-6
Convert 50 (base 6) to base 9.
33
-11 (base 4) to base 9
-5
Convert -12 (base 6) to base 11.
-8
-6 (base 7) to base 5
-11
What is 1d (base 15) in base 3?
1001
What is 1a (base 11) in base 9?
23
What is -52 (base 7) in base 16?
-25
Convert -7 (base 9) to base 11.
-7
0 (base 3) to base 10
0
What is 21 (base 3) in base 2?
111
1000 (base 3) to base 12
23
Convert -16 (base 16) to base 12.
-1a
What is -c2 (base 15) in base 2?
